ivide 32042816?
True
Is 331 a factor of 20054297?
True
Is 24 a factor of 69275639?
False
Is 9430716 a multiple of 21?
False
Is 2078694928 a multiple of 592?
True
Is 1099393398 a multiple of 334?
True
Is 29 a factor of 27934134?
True
Does 20 divide 1378163430?
False
Does 66 divide 71755332?
True
Is 14236749 a multiple of 27?
True
Is 5583333 a multiple of 30?
False
Is 404 a factor of 581608368?
False
Does 119 divide 13904441?
False
Does 8 divide 73016387?
False
Is 1494763740 a multiple of 108?
True
Is 492931648 a multiple of 1661?
True
Does 44 divide 383065066?
False
Is 8 a factor of 28844984?
True
Is 8 a factor of 72606368?
True
Does 6 divide 3168617?
False
Does 4 divide 47830310?
False
Does 9 divide 131008858?
False
Is 6003972 a multiple of 2?
True
Is 4261431 a multiple of 453?
False
Is 143 a factor of 10810520?
False
Is 3557 a factor of 131022095?
True
Is 49 a factor of 252708190?
True
Is 27452770 a multiple of 33?
False
Is 110105449 a multiple of 14?
False
Is 1403389440 a multiple of 480?
True
Is 43044803 a multiple of 15?
False
Is 8 a factor of 109644766?
False
Is 14 a factor of 1686114?
False
Is 133970596 a multiple of 1119?
False
Does 808 divide 65771736?
False
Is 20668047 a multiple of 26?
False
Is 37611369 a multiple of 129?
True
Is 18 a factor of 971648820?
True
Does 10 divide 422746861?
False
Does 1062 divide 2473316020?
False
Does 4 divide 88206520?
True
Does 50 divide 89821550?
True
Does 1882 divide 53594671?
False
Does 12 divide 3641753?
False
Does 13 divide 30208659?
True
Does 5919 divide 477984253?
False
Is 29181778 a multiple of 43?
True
Does 56 divide 146430592?
True
Does 651 divide 299874036?
True
Does 1201 divide 2156225330?
False
Does 209 divide 7066499?
True
Does 47 divide 27660059?
False
Is 75120780 a multiple of 420?
True
Is 47228940 a multiple of 297?
True
Is 101 a factor of 10484911?
True
Does 1323 divide 384485694?
False
Is 16 a factor of 2975419664?
True
Is 19687694 a multiple of 26?
True
Does 22 divide 236420301?
False
Is 318713449 a multiple of 735?
False
Is 413301516 a multiple of 12?
True
Is 6070 a factor of 903677799?
False
Does 147 divide 6193630674?
True
Is 1292 a factor of 2409554160?
True
Does 2638 divide 1146299186?
False
Does 849 divide 8907862?
False
Is 92 a factor of 6641388?
True
Is 432 a factor of 254827296?
True
Does 7325 divide 4067473529?
False
Is 893671215 a multiple of 15?
True
Is 139 a factor of 63494783?
True
Is 210521587 a multiple of 276?
False
Is 269 a factor of 36063754?
True
Does 156 divide 38315081?
False
Does 75 divide 6472522716?
False
Is 9 a factor of 349372755?
True
Is 39831240 a multiple of 740?
True
Is 2878 a factor of 7337323924?
False
Is 21 a factor of 160274037?
True
Is 521 a factor of 15495555?
False
Does 693 divide 178103772?
True
Does 41 divide 690499252?
False
Is 343067564 a multiple of 1636?
True
Is 1345889541 a multiple of 1887?
True
Does 26 divide 67961077?
False
Is 14 a factor of 30676680?
False
Is 122296638 a multiple of 30?
False
Is 35974035 a multiple of 6?
False
Is 94494720 a multiple of 1538?
True
Does 499 divide 1233254?
False
Is 13 a factor of 321416641?
True
Is 22534301 a multiple of 27?
False
Does 496 divide 1038314496?
True
Is 27414780 a multiple of 222?
True
Is 50674480 a multiple of 31?
False
Is 610 a factor of 1498939439?
False
Does 21 divide 850325?
False
Is 2933 a factor of 50993138?
True
Is 2678315 a multiple of 418?
False
Does 38 divide 1685413012?
True
Is 17588160 a multiple of 160?
True
Is 2 a factor of 42433971?
False
Does 62 divide 1080914827?
False
Is 6938 a factor of 1943337631?
False
Is 1409645712 a multiple of 24?
True
Is 61454006 a multiple of 313?
False
Is 16 a factor of 17693904?
True
Is 2298 a factor of 148553943?
False
Is 155358665 a multiple of 2695?
True
Does 29 divide 109127087?
True
Is 48026804 a multiple of 28?
True
Does 39 divide 1818875500?
False
Is 17 a factor of 804113770?
True
Is 2406 a factor of 92766025?
False
Is 1740382967 a multiple of 432?
False
Is 83482438 a multiple of 30?
False
Is 29236235 a multiple of 1456?
False
Does 46 divide 4359834?
True
Does 885 divide 134027237?
False
Is 56029526 a multiple of 317?
False
Does 134 divide 48986112?
True
Does 43 divide 11839798?
False
Does 12 divide 603477436?
False
Is 70 a factor of 1248138388?
False
Does 17 divide 1444589106?
False
Is 36 a factor of 26639035?
False
Is 48875070 a multiple of 25?
False
Is 288230254 a multiple of 2399?
True
Is 131299292 a multiple of 491?
True
Is 1050 a factor of 22699389?
False
Is 2832314 a multiple of 29?
True
Is 565 a factor of 2813666100?
True
Does 276 divide 47949430?
False
Is 713684672 a multiple of 31?
False
Is 31 a factor of 15442769?
False
Is 34 a factor of 1352183536?
True
Is 889 a factor of 1219528422?
True
Does 329 divide 1525244?
True
Is 35 a factor of 33135585?
True
Is 79887502 a multiple of 10?
False
Is 16 a factor of 12612384?
True
Is 3424 a factor of 1394724459?
False
Does 79 divide 225972232?
True
Does 1313 divide 115786916?
False
Does 528 divide 245490303?
False
Is 117 a factor of 226198116?
False
Is 80845388 a multiple of 29?
True
Is 6033 a factor of 533703312?
True
Does 19 divide 1200268?
True
Is 215 a factor of 42218559?
False
Is 202 a factor of 84968455?
False
Does 34 divide 26056221?
False
Does 92 divide 734743033?
False
Is 1467 a factor of 4748679?
True
Is 1176 a factor of 10495645?
False
Does 3 divide 731173509?
True
Is 773453527 a multiple of 3047?
True
Is 1009 a factor of 30653844?
False
Is 44869968 a multiple of 39?
True
Does 824 divide 27849081?
False
Is 195 a factor of 24489270?
True
Is 171385628 a multiple of 128?
False
Is 289349642 a multiple of 11?
False
Does 15 divide 39197133?
False
Is 849185701 a multiple of 13?
True
Is 2833507501 a multiple of 1583?
False
Is 90088769 a multiple of 115?
False
Is 263 a factor of 6975732?
False
Is 3397257678 a multiple of 90?
False
Is 3014 a factor of 59631990?
True
Is 275034671 a multiple of 22?
False
Is 2425920289 a multiple of 4537?
True
Does 1051 divide 1033388460?
False
Is 1000 a factor of 21650515?
False
Is 14075498 a multiple of 29?
True
Is 9703 a factor of 942374766?
True
Is 10943953 a multiple of 276?
False
Is 50 a factor of 38583791?
False
Is 12822006 a multiple of 5?
False
Does 32 divide 823081149?
False
Is 169338036 a multiple of 785?
False
Is 22 a factor of 24659976?
True
Is 7089 a factor of 5885387046?
True
Is 456 a factor of 271533864?
True
Is 7979497 a multiple of 15?
False
Does 4 divide 13448720?
True
Does 76 divide 214861784?
False
Is 2740 a factor of 141068900?
True
Is 45 a factor of 12709665?
True
Is 3231270 a multiple of 35?
True
Does 8324 divide 580121693?
False
Is 38 a factor of 17802430?
True
Does 119 divide 47347006?
True
Is 12 a factor of 3740644586?
False
Does 464 divide 445706031?
False
Is 27 a factor of 224638677?
True
Does 52 divide 1298166012?
True
Is 321737828 a multiple of 52?
False
Does 166 divide 3302437034?
True
Is 3511 a factor of 101991039?
True
Is 1924 a factor of 102197108?
True
Does 482 divide 555099143?
False
Does 1550 divide 420371888?
False
Does 1452 divide 1456376496?
False
Is 164143982 a multiple of 4408?
False
Is 213609283 a multiple of 251?
True
Is 4797044 a multiple of 9?
False
Does 7750 divide 299429000?
True
Is 21076606 a multiple of 953?
False
Is 31 a factor of 4285933241?
True
Is 243910927 a multiple of 533?
True
Is 40 a factor of 1499800?
True
Is 72 a factor of 5671152?
True
Is 4694448 a multiple of 2244?
True
Is 1216569965 a multiple of 56?
False
Does 11 divide 47256203?
False
Is 51 a factor of 61089789?
True
Is 569 a factor of 7712597?
False
Is 3 a factor of 10619320?
False
Is 189 a factor of 3028911354?
True
Does 91 divide 7401754?
False
Is 6565848 a multiple of 632?
True
Does 9 divide 1369566846?
True
Is 61 a factor of 375681330?
False
Does 114 divide 8177334?
True
Is 1454 a factor of 24116044?
True
Is 775463534 a multiple of 109?
False
Is 44 a factor of 501326804?
True
Is 2427174 a multiple of 19?
True
Is 277 a factor of 49739533?
False
Is 6147317621 a multiple of 197?
False
Does 6574 divide 1226422758?
False
Does 150 divide 43154852?
False
Is 86214326 a multiple of 11?
True
Is 8040060 a multiple of 60?
True
Is 73 a factor of 35913471?
False
Does 9 divide 707252970?
False
Is 7 a factor of 259045504?
False
Is 25214769 a multip